lse
Let u = 26 - 21. Suppose -3*g + 1618 = u*c, -3*g + 300 + 672 = 3*c. Is c a prime number?
False
Let i(c) = -14*c**2 + 4*c - 2. Let r be i(-6). Let u = 779 + r. Is u a composite number?
True
Let a(x) = -3*x**3 + 8*x**2 - 2*x - 27. Is a(-12) prime?
False
Let s = 11361 + -4864. Is s composite?
True
Is 2653 + 3/3*4 composite?
False
Suppose -2*c = w - 485 - 352, -3*c = -3*w - 1260. Is c a composite number?
False
Let k be (-9)/((-3)/4*(-8)/(-4)). Is 4923/k + (-7)/(-14) prime?
True
Let r(z) = -57*z**3 + 2*z**2 + 4*z - 2. Let x be (3 - 1)/((-10)/15). Is r(x) a composite number?
False
Let d = 4 + -12. Is (-111)/(1 - (-20)/d) a composite number?
True
Suppose -6*l + 161 = 1913. Let j = -135 - l. Is j a composite number?
False
Suppose 5*p = -25, 0*p + 9 = -2*h + 3*p. Let i = h + 22. Is i prime?
False
Let v(y) = -y + 20. Let k be v(15). Suppose 3*t = k*o + 7561, 5*t = 4*o + o + 12595. Is t a composite number?
True
Suppose -5*r = 87 + 333. Is 2 - 2 - -5 - r a composite number?
False
Suppose -65*k + 33042 = -59*k. Is k a prime number?
True
Let j(l) = 4*l**2 - 14*l. Let y(p) = -5*p**2 + 15*p. Let w(n) = 6*j(n) + 5*y(n). Let k be w(9). Let d = -71 - k. Is d a composite number?
True
Let b(l) = 236*l - 3. Let d = 0 + 2. Is b(d) a composite number?
True
Let z(a) = -33*a**2 - 5*a - 6. Let n(c) = -17*c**2 - 2*c - 3. Let d(s) = -10*n(s) + 4*z(s). Is d(-4) prime?
False
Let h(q) = 55*q - 16. Let p = 43 - 34. Is h(p) a prime number?
True
Suppose -3*k + 25 = -2*d, -d - 2*k = d. Let z(x) = 12*x - 3. Let b(h) = h - 1. Let o(c) = d*b(c) + z(c). Is o(5) a composite number?
False
Suppose -5*o + 2*a = -28, -31 = -4*o + 2*a - 7. Suppose 5*d - t + 160 = 398, -3*t = -o*d + 186. Let q = 239 - d. Is q a prime number?
True
Suppose 17*g - 943 = 451. Suppose 0 = -y - 3*y. Suppose -u + g + 669 = y. Is u composite?
False
Let z(r) = 55 - r - 60 + 3*r. Let n be z(6). Suppose -n*w + 2135 = -2*w. Is w a prime number?
False
Let b be (-22470)/(-27) + 4/(-18). Let r = b - 219. Is r a prime number?
True
Let p = 847 - 438. Is p a prime number?
True
Suppose 5*p - 5*c + 2155 = 0, 2*p - 5*c = -2*p - 1721. Let o = -12 - p. Is o a prime number?
False
Suppose 0 = f - 4183 - 2202. Is f composite?
True
Suppose 2*d - 9 = 157. Let f(x) = 44*x**2 + 2*x. Let y be f(2). Let q = y - d. Is q composite?
False
Is 144868/7 - (50/35 - 1) composite?
True
Suppose 2*n = 3*n + 4. Let b = n + 10. Is 2517/b - (-5)/(-10) a composite number?
False
Let z = -454 - -313. Let w be 91*-1 - (-10 - -7). Let d = w - z. Is d a composite number?
False
Suppose 0 = 4*l + 2*g - 493679 + 39925, -5*l = -2*g - 567179. Is l a prime number?
True
Let m = -14069 - -23452. Is m composite?
True
Suppose 26*k = 11*k + 86385. Is k composite?
True
Let o = 2140 - -6889. Is o prime?
True
Let g = -42 + 7. Let n = g - -146. Is n a composite number?
True
Let g(n) = -7*n**3 + 11*n**2 + 8*n + 7. Let b(o) = -6*o + 23*o**2 + 14 + 9*o + 9*o - 15*o**3 + 4*o. Let h(t) = 6*b(t) - 13*g(t). Is h(8) composite?
True
Let s be (2 - 4)*5/(-2). Suppose -m + 579 = s*q, 5*q - m = 279 + 302. Let j = 235 - q. Is j a prime number?
False
Let n(z) = -z**3 + 11*z**2 + z - 11. Let p be n(11). Suppose 5*c = -3*j + 63, -4*c = -p*j - 4*j - 44. Is c/(-3)*290/(-8) prime?
False
Let h(o) = -o**3 + 5*o**2 + 4. Let j be h(5). Let r be (-11)/33 - 32/(-6). Suppose 3*k - 4*w - 589 = -0*k, r*w = -j*k + 837. Is k prime?
False
Let u = -27 - -29. Suppose u*w + 5696 = -2*w. Let q = -793 - w. Is q prime?
True
Let p(m) = 9589*m**2 - 5*m + 3. Is p(1) composite?
False
Let n(z) = -2*z**3 - 18*z**2 - 4*z + 35. Is n(-17) prime?
False
Let w be -6 + (1 - (-3)/(-1)). Let g be w/(-32) + (-22)/(-8). Suppose -4*a + 400 = -g*r - 928, -3*a = 5*r - 967. Is a prime?
False
Let w(o) = 27*o - 5. Let g be ((-12)/(-10))/((-24)/(-60)). Suppose g*s = 6*s - 18. Is w(s) composite?
False
Let q = -177 + 552. Suppose -q = -0*o - 3*o. Suppose -o = 5*m - 690. Is m prime?
True
Let c(x) = x**3 + 23*x**2 - 49*x + 10. Let u be c(-25). Is (503*(-20)/u)/(2/3) a composite number?
True
Let m(j) = 632*j**2 - 43. Is m(-8) composite?
True
Suppose -u = -3*b + 124102, -11*b + 82735 = -9*b - u. Is b composite?
True
Let j = -18 - 37. Let f = 222 - j. Is f a composite number?
False
Suppose 0 = 3*d + 15, 19 = 4*i + 3*d - 2. Suppose i*f = 7*f + 426. Is f prime?
False
Let y(t) = 91*t**2 - 21*t - 183. Is y(23) prime?
False
Suppose -24*s + 25*s + 3*a - 19149 = 0, -2*s + a + 38270 = 0. Is s a prime number?
False
Let f = 4398 + -2605. Is f prime?
False
Let h = 486 - -454. Suppose -5*z - 3*k = -h, 2*k - 210 = -z - 3*k. Suppose -c = -210 - z. Is c composite?
True
Suppose 4*b - 5*v - 1180 = 0, -3*b - 4*v + 540 = -345. Is b a prime number?
False
Let t = -42 - -44. Suppose c = -3*g + 673, t*c + 0*c - 1336 = -g. Is c composite?
True
Let l be 3/(1/192*-3). Let f = l + 485. Is f a composite number?
False
Let y = -79 - 29. Let p = y - -55. Let s = p - -244. Is s a composite number?
False
Suppose -4*o - 4*o + 47064 = 0. Suppose 11*n + 482 = o. Is n prime?
True
Suppose 10*n + 933 = 113. Suppose 0 = -5*d - 2*x - 70, -4*d - 4*x + 2*x - 58 = 0. Is n/(-8) - (-3)/d composite?
True
Let n(r) = 2*r - 6 + 3*r**2 + 5 - r**2 + 0. Is n(-12) a prime number?
True
Suppose 3*d - 12 + 3 = 0. Suppose -4*b = -3*h + 2, 0 = -3*h + 2*b + b - d. Is (-1900)/h - 1/(-3) prime?
True
Let x(q) = 4*q**2 + q + 3. Let k be x(-3). Suppose 4*y = 4*s + k, 5*y - y = -5*s. Let r(v) = -89*v - 9. Is r(s) composite?
False
Let u(m) = -m - 2. Let i be u(0). Let q = i - -2. Is (1 - q)/((-4)/(-76)) prime?
True
Suppose 136*v = 153*v - 58769. Is v a prime number?
True
Let s be 9/(-5) + (-6)/30. Is (s/4 + 1)/(9/8046) a prime number?
False
Let w = -7 - -10. Let l(p) = 3*p**2 + 4*p. Let o be l(w). Suppose -r + 0 = -o. Is r composite?
True
Suppose 2*b + 4*z = 9*z - 8, -3*b + 2*z = -10. Let n be (-9)/b - (-1089)/6. Let j = n - -193. Is j a prime number?
True
Suppose -2*q - 9 = -1, -5*k + 7357 = 2*q. Is k composite?
True
Suppose -9*m + 11*m + 1374 = 0. Let l = m + 1046. Is l composite?
False
Suppose -8 = 5*v - 9*v. Suppose -2*a - 11 + 4 = n, -v*a + n = 5. Is (11/a)/(1/(-33)) a composite number?
True
Suppose 0 = -5*l + 5*z + 40, 4*z - 24 = -5*l + 5*z. Suppose 3*m + l*p = 920 + 485, -5*m + 2349 = 3*p. Is m a prime number?
False
Let s(n) = -10*n - 3. Let j(f) = 30*f + 8. Let k be 7 + -6 + (-6 - -1). Let u(r) = k*j(r) - 11*s(r). Is u(-3) composite?
False
Suppose o + 73 = -5*c, -2*c - 3*o + 8*o = 40. Is (c/(-12))/(2/40) composite?
True
Let s(l) = l**2 - 3*l - 15. Let h(x) = -x**2 + 10*x - 8. Suppose 4*t - 4*v - 8 = 0, 5*t - 2*v + 7*v = 60. Let a be h(t). Is s(a) a composite number?
True
Let s(a) = -7*a - 11. Let i be s(-4). Suppose i*q - 19*q + 970 = 0. Is q a composite number?
True
Suppose -2 = m - 3. Let f = -1 - m. Is (-4)/(4/(-129)) + f composite?
False
Let g(j) = -j**3 - 2*j**2 - 33*j + 39. Is g(-19) prime?
True
Let i be (212/20 - 2/(-5))*763. Suppose p + 2 = 5, p = 4*t - i. Is t a prime number?
True
Suppose -2*g = 294 - 100. Let m = g + 323. Is (-4 - (-2 - -1)) + m a prime number?
True
Let z = 4412 + -2571. Is z a composite number?
True
Let k(o) be the first derivative of 21*o**2 + 0 - 10 + 7 - 7*o. Is k(4) a composite number?
True
Is (((-53982)/(-63))/2)/(1/7) prime?
True
Is 1958 + 0 + 1 - (-50 + 48) composite?
True
Suppose 2*y = -0*y - 4. Let x(m) = -m**3 + 7*m**2 + 9*m - 11. Let a be x(8). Is a*(y + (-172)/3) prime?
False
Suppose -3*r - 9 = -w, -13 = -w - r - 4. Suppose 3*m + 12 + w = 0. Let u(i) = -2*i**3 - 2*i**2 + 6*i - 9. Is u(m) prime?
False
Suppose -t + 6247 = 2*b + 2*b, -2*t = 2*b - 3128. Is b prime?
False
Suppose 0 = p + 5*g - 9, 2*p - 6*p - 4*g + 20 = 0. Suppose 5*w + 4*a - 1251 = 0, p*w - 255 = 3*w + 4*a. Is w a prime number?
True
Let i be ((-1)/2)/(1/(-2)). Let c(d) = 98*d**3 - 2*d + d + 2*d + 163*d**3. Is c(i) a composite number?
True
Let s(j) be the first derivative of -214*j**2 + 7*j - 2. Let q be s(-4). Is (1/3)/(3/q) composite?
False
Let o be 1*538 - (1 - 0). Suppose 0 = d - 3*i - 4, -7*d + 11*d - 2*i - 16 = 0. Suppose -c + d*c = o. Is c composite?
False
Let g(m) = -m**3 - m**2 - m. Let k be g(-1). Let u be (-40)/(-6)*(-5 - k). Let i = 65 + u. Is i a prime number?
False
Let i(t) = -8*t**3 - 6*t**2 + 9. Suppose -w + 30 = -4*v, -2*v - 5*w - 25 = 3*v. Is i(v) prime?
True
Suppose -k 